 factor of 70498?
True
Does 148 divide 132164?
True
Does 309 divide 1970493?
True
Does 50 divide 30600?
True
Is 75 a factor of 42525?
True
Does 64 divide 1673344?
True
Is 974 a factor of 7908880?
True
Is 803618 a multiple of 414?
False
Is 147 a factor of 713538?
True
Is 6250955 a multiple of 788?
False
Does 878 divide 960029?
False
Is 246 a factor of 51472?
False
Is 202 a factor of 684982?
True
Is 383561 a multiple of 105?
False
Is 8109088 a multiple of 16?
True
Does 65 divide 1504945?
True
Is 19 a factor of 61734?
False
Is 20706 a multiple of 6?
True
Does 55 divide 1943480?
True
Is 23 a factor of 124982?
True
Is 412790 a multiple of 116?
False
Does 134 divide 7030473?
False
Is 221801 a multiple of 6?
False
Is 293257 a multiple of 12?
False
Is 1654 a factor of 796562?
False
Does 509 divide 2324603?
True
Is 6160128 a multiple of 96?
True
Is 3486274 a multiple of 144?
False
Does 9 divide 109809?
True
Does 36 divide 758052?
True
Does 58 divide 459757?
False
Is 56472 a multiple of 12?
True
Does 4 divide 1291016?
True
Is 4 a factor of 3077631?
False
Is 14 a factor of 6356?
True
Is 27 a factor of 48303?
True
Is 33 a factor of 657812?
False
Does 34 divide 73712?
True
Is 27 a factor of 63644?
False
Does 293 divide 3329901?
False
Is 76080 a multiple of 20?
True
Is 786825 a multiple of 807?
True
Does 702 divide 303401?
False
Is 108 a factor of 189416?
False
Does 19 divide 2736?
True
Is 534006 a multiple of 522?
True
Is 86 a factor of 9599240?
False
Is 6300630 a multiple of 59?
False
Does 1351 divide 2992465?
True
Is 2816883 a multiple of 867?
True
Is 1018432 a multiple of 376?
False
Is 55 a factor of 375870?
True
Is 107639 a multiple of 33?
False
Does 291 divide 4243071?
True
Is 31360 a multiple of 35?
True
Is 4267449 a multiple of 71?
False
Is 6769 a multiple of 3?
False
Does 3 divide 90285?
True
Is 64999 even?
False
Is 54 a factor of 29600?
False
Is 16454662 a multiple of 14?
True
Does 62 divide 7364298?
True
Is 303 a factor of 638508?
False
Is 87 a factor of 10101803?
False
Is 823236 a multiple of 20?
False
Is 27881688 a multiple of 26?
False
Is 16385 a multiple of 6?
False
Is 15 a factor of 848901?
False
Does 10 divide 20280?
True
Does 374 divide 408651?
False
Is 3 a factor of 9639?
True
Is 1548310 a multiple of 95?
True
Does 4 divide 3421291?
False
Does 21 divide 303618?
True
Does 158 divide 10587580?
True
Is 721267 a multiple of 151?
False
Is 182 a factor of 1788514?
True
Is 48051 a multiple of 3?
True
Is 145716 a multiple of 58?
False
Is 58 a factor of 1860640?
True
Is 8 a factor of 679635?
False
Is 6 a factor of 1044312?
True
Does 141 divide 444832?
False
Does 188 divide 66700?
False
Is 298 a factor of 3984540?
False
Does 141 divide 2028567?
True
Is 83 a factor of 3205617?
False
Is 62231 a multiple of 12?
False
Does 313 divide 2044516?
True
Does 228 divide 2182958?
False
Is 404 a factor of 834242?
False
Is 4081392 a multiple of 16?
True
Is 79 a factor of 161634?
True
Is 24 a factor of 5512560?
True
Does 2 divide 3792?
True
Is 595 a factor of 593852?
False
Is 28515 a multiple of 7?
False
Does 15 divide 11554627?
False
Does 4 divide 38212?
True
Does 7 divide 87127?
False
Is 16978815 a multiple of 945?
True
Is 61 a factor of 1614743?
False
Is 27 a factor of 550248?
False
Does 50 divide 208500?
True
Does 18 divide 160381?
False
Is 57 a factor of 112290?
True
Is 130 a factor of 1975130?
False
Is 105338 a multiple of 5?
False
Does 4 divide 67882?
False
Is 467 a factor of 428171?
False
Is 4369893 a multiple of 10?
False
Is 760534 a multiple of 44?
False
Is 81748 a multiple of 14?
False
Is 29 a factor of 445097?
False
Is 91 a factor of 1555190?
True
Is 96 a factor of 591426?
False
Is 14629692 a multiple of 84?
True
Is 58 a factor of 589228?
False
Does 13 divide 4862741?
True
Does 129 divide 422?
False
Is 2438 a multiple of 106?
True
Does 222 divide 3654786?
True
Is 175 a factor of 2721425?
True
Does 6 divide 3538698?
True
Is 133350 a multiple of 3?
True
Is 345 a factor of 545790?
True
Does 2 divide 916924?
True
Does 298 divide 812700?
False
Is 43 a factor of 10739723?
True
Does 18 divide 13116052?
False
Does 5 divide 200170?
True
Does 6 divide 135150?
True
Does 52 divide 245801?
False
Does 41 divide 11453801?
True
Is 3956016 a multiple of 54?
False
Is 8 a factor of 1233592?
True
Is 278679 a multiple of 67?
False
Is 92568 a multiple of 19?
True
Does 14 divide 48706?
True
Is 18230740 a multiple of 13?
False
Does 13 divide 4227366?
True
Is 1800 a multiple of 72?
True
Is 1479856 a multiple of 14?
True
Does 2 divide 48791?
False
Does 29 divide 3972273?
False
Is 12576 a multiple of 17?
False
Is 505100 a multiple of 987?
False
Is 15 a factor of 303977?
False
Is 2060856 a multiple of 84?
True
Does 22 divide 34432?
False
Is 10 a factor of 2794172?
False
Is 66586 a multiple of 169?
True
Is 12520 a multiple of 2?
True
Is 3 a factor of 74970?
True
Does 35 divide 90730?
False
Does 731 divide 12365596?
True
Is 41 a factor of 2089360?
True
Is 15 a factor of 308153?
False
Is 10 a factor of 141460?
True
Is 24 a factor of 62686?
False
Is 119 a factor of 201395?
False
Is 9093764 a multiple of 1041?
False
Is 171918 a multiple of 22?
False
Is 1340864 a multiple of 32?
True
Does 14 divide 6866?
False
Does 28 divide 93653?
False
Is 5 a factor of 2098782?
False
Is 100 a factor of 633410?
False
Is 735048 a multiple of 18?
True
Is 547197 a multiple of 58?
False
Is 184003 a multiple of 10?
False
Is 44 a factor of 164692?
True
Does 163 divide 130424?
False
Does 12 divide 3034392?
True
Is 538905 a multiple of 555?
True
Does 8 divide 1771695?
False
Does 91 divide 3073175?
False
Does 142 divide 28258?
True
Is 826450 a multiple of 50?
True
Is 878322 a multiple of 9?
False
Does 355 divide 1881708?
False
Is 7 a factor of 1523214?
True
Does 39 divide 335025?
False
Does 376 divide 1029488?
True
Is 62661 a multiple of 7?
False
Is 62 a factor of 13320204?
True
Is 363630 a multiple of 310?
True
Is 152 a factor of 336548?
False
Is 174202 a multiple of 14?
True
Is 11493 a multiple of 50?
False
Is 26 a factor of 170212?
False
Does 109 divide 7483613?
True
Does 37 divide 10348?
False
Does 56 divide 3567816?
True
Is 9808264 a multiple of 116?
True
Does 1322 divide 309072?
False
Does 22 divide 19240278?
False
Is 120 a factor of 139680?
True
Is 164 a factor of 212339?
False
Does 60 divide 3676?
False
Does 25 divide 195875?
True
Is 2054 a multiple of 42?
False
Is 186 a factor of 48729?
False
Is 162630 a multiple of 78?
True
Does 19 divide 129913?
False
Is 117 a factor of 161811?
True
Is 72547 a multiple of 136?
False
Is 75 a factor of 1279628?
False
Is 69 a factor of 2640803?
False
Is 166513 a multiple of 4?
False
Is 97 a factor of 328054?
True
Is 349 a factor of 82629?
False
Does 1896 divide 8071236?
False
Does 12 divide 1328772?
True
Is 2650 a factor of 31132200?
True
Is 45 a factor of 304335?
True
Is 123318 a multiple of 13?
True
Is 31 a factor of 453036?
False
Is 14391350 a multiple of 170?
True
Does 3 divide 155831?
False
Is 475 a factor of 3377250?
True
Is 5757251 a multiple of 56?
False
Does 65 divide 386100?
True
Is 2220399 a multiple of 2?
False
Is 262578 a multiple of 67?
False
Does 28 divide 8777?
False
Does 66 divide 225390?
True
Is 3 a factor of 185266?
False
Is 7597633 a multiple of 22?
False
Is 53 a factor of 686827?
True
Does 196 divide 1387930?
False
Is 994 a factor of 3542616?
True
Does 90 divide 479160?
True
Is 13454 a multiple of 120?
False
Is 2562415 a multiple of 67?
True
Is 2766804 a multiple of 6?
True
Does 13 divide 1235?
True
Is 17 a factor of 14960?
True
Does 10 divide 5209834?
False
Is 7 a factor of 4344268?
False
Does 101 divide 475638?
False
Is 365 a factor of 3055780?
True
Is 3512549 a multiple of 114?
False
Is 77 a factor of 39886?
True
Does 112 divide 131264?
True
Is 8512704 a multiple of 48?
True
Is 124683 a multiple of 290?
False
Is 304081 a multiple of 101?
False
Is 4 a factor of 157888?
True
Does 139 divide 10693826?
True
Does 35 divide 298089?
False
Is 4 a factor of 195172?
True
Is 494146 a multiple of 44?
False
Is 94 a multiple of 36?
False
Is 17 a factor of 790602?
True
Is 103 a factor of 2582519?
True
Does 23 divide 1766245?
False
Is 8 a factor of 52160?
True
Is 21412391 a multiple of 91?
True
Is 214635 a multiple of 205?
True
Is 113 a factor of 10448264